 1910351 a composite number?
True
Is 40904951 composite?
False
Is 6023611 a composite number?
True
Is 360462313 a composite number?
False
Is 14579417 a composite number?
False
Is 11786869 composite?
False
Is 9702685 prime?
False
Is 11930743 a composite number?
True
Is 60261847 composite?
False
Is 2491 a prime number?
False
Is 390058037 prime?
False
Is 3121541 composite?
True
Is 1889461 a composite number?
True
Is 25480579 a composite number?
False
Is 5452463 composite?
True
Is 123536899 a composite number?
False
Is 114635519 composite?
True
Is 1454633 a prime number?
True
Is 82496281 a composite number?
True
Is 182913695 a prime number?
False
Is 14904899 a composite number?
False
Is 172344599 prime?
False
Is 434454389 a prime number?
True
Is 1848737 a prime number?
False
Is 8663026 prime?
False
Is 167905019 prime?
True
Is 126096959 composite?
True
Is 23033321 composite?
False
Is 18296897 a composite number?
False
Is 17107523 a prime number?
False
Is 178085 a prime number?
False
Is 30968446 a prime number?
False
Is 429643 prime?
True
Is 93194117 prime?
True
Is 62326177 a prime number?
True
Is 23444977 a composite number?
False
Is 201451057 a prime number?
True
Is 30776287 a prime number?
True
Is 958511 prime?
False
Is 2384233 a prime number?
False
Is 23413349 composite?
False
Is 13024849 a prime number?
True
Is 66083 a composite number?
False
Is 1806089 prime?
True
Is 295077599 a prime number?
True
Is 340928465 composite?
True
Is 2730934 a prime number?
False
Is 957269 composite?
True
Is 203533 composite?
True
Is 2704043 composite?
False
Is 66567761 a composite number?
True
Is 111300931 a composite number?
True
Is 10559711 a composite number?
True
Is 336280729 composite?
True
Is 29787973 prime?
True
Is 4893761 composite?
False
Is 1272696979 prime?
True
Is 736453271 a composite number?
False
Is 19334197 a prime number?
True
Is 10013737 a prime number?
False
Is 8036911 prime?
False
Is 41422595 a composite number?
True
Is 5718107 composite?
True
Is 66073199 a prime number?
False
Is 358049 composite?
True
Is 1494697 a composite number?
False
Is 27980731 composite?
False
Is 5510657 prime?
False
Is 376739951 prime?
False
Is 14152409 composite?
False
Is 703444513 a prime number?
False
Is 118343 composite?
False
Is 18299249 prime?
True
Is 161120471 composite?
False
Is 1598473 prime?
False
Is 332015 a prime number?
False
Is 19604921 a composite number?
True
Is 6890861 prime?
True
Is 492054782 composite?
True
Is 1129643 composite?
False
Is 109733879 a composite number?
False
Is 2977061 a prime number?
False
Is 833653 prime?
False
Is 24173951 a composite number?
False
Is 32542143 prime?
False
Is 9469909 a prime number?
False
Is 2302043 a prime number?
True
Is 32638943 prime?
False
Is 29957611 composite?
False
Is 1063379 composite?
False
Is 9014353 a prime number?
True
Is 36584759 a composite number?
False
Is 12948209 composite?
False
Is 1015999409 composite?
False
Is 179381947 prime?
True
Is 209097901 a composite number?
True
Is 222137 a prime number?
True
Is 38834329 composite?
False
Is 1290557 a prime number?
False
Is 85043021 a prime number?
False
Is 870933005 a composite number?
True
Is 18559133 prime?
True
Is 117319 prime?
True
Is 500407493 a composite number?
False
Is 2854481 a composite number?
True
Is 4465319 prime?
True
Is 25945709 prime?
True
Is 38233939 composite?
False
Is 2436911 prime?
False
Is 21900053 a composite number?
True
Is 4691357 prime?
False
Is 588463 a composite number?
False
Is 6595559 composite?
False
Is 54943289 prime?
False
Is 347989979 a prime number?
False
Is 158718697 a composite number?
False
Is 2025409 composite?
False
Is 119427607 prime?
False
Is 38587 prime?
False
Is 1662289 composite?
True
Is 2377321 composite?
False
Is 25070719 prime?
False
Is 12259011 a prime number?
False
Is 193884851 a prime number?
True
Is 108351419 prime?
False
Is 1876555 a composite number?
True
Is 6985139 a prime number?
False
Is 11506471 a prime number?
True
Is 49756979 a prime number?
True
Is 2202485 composite?
True
Is 2597453 composite?
False
Is 11270347 a prime number?
False
Is 9836305 a composite number?
True
Is 267107 prime?
False
Is 10268641 a composite number?
False
Is 72185501 prime?
True
Is 9530113 composite?
True
Is 201364021 prime?
True
Is 2163810689 composite?
False
Is 93908189 a prime number?
True
Is 16697939 prime?
False
Is 134469521 a prime number?
True
Is 2335909 composite?
False
Is 26438041 composite?
True
Is 285390727 a composite number?
False
Is 1352843 a prime number?
False
Is 2259757 prime?
False
Is 68129 a prime number?
False
Is 8581759 prime?
True
Is 1139474239 a prime number?
True
Is 283095503 a composite number?
True
Is 1878463 prime?
True
Is 1812873 a composite number?
True
Is 118423959 composite?
True
Is 67289413 a composite number?
False
Is 28526723 a composite number?
False
Is 2498023 composite?
True
Is 230763097 composite?
True
Is 2786011 composite?
True
Is 44857667 composite?
False
Is 68378419 a prime number?
True
Is 62225677 a prime number?
False
Is 1147859 a prime number?
False
Is 79308127 a composite number?
True
Is 990291 a composite number?
True
Is 1629703 a composite number?
True
Is 1279913 prime?
False
Is 9916429 a composite number?
True
Is 4698671 a prime number?
True
Is 489850939 prime?
False
Is 53380465 a composite number?
True
Is 787901407 a composite number?
False
Is 1223857 composite?
False
Is 3329707 prime?
True
Is 53625479 a composite number?
True
Is 197525773 a prime number?
True
Is 12138197 prime?
False
Is 10269251 prime?
False
Is 169700621 a prime number?
True
Is 369049273 prime?
False
Is 8324513 prime?
True
Is 14863153 composite?
False
Is 17802947 composite?
False
Is 8310719 prime?
True
Is 1417967 composite?
False
Is 3876181 a composite number?
True
Is 87918769 prime?
True
Is 4696023 prime?
False
Is 2131951 composite?
False
Is 10057541 a prime number?
False
Is 19132167 a composite number?
True
Is 113472577 prime?
False
Is 351053 a composite number?
False
Is 33259517 prime?
True
Is 5605865 a prime number?
False
Is 12399289 a prime number?
False
Is 4685363 prime?
False
Is 441773 prime?
False
Is 4384654 prime?
False
Is 330738527 a composite number?
True
Is 246541301 a composite number?
True
Is 149489 a prime number?
True
Is 9279029 composite?
False
Is 576871 prime?
False
Is 28289677 a prime number?
False
Is 774374 composite?
True
Is 45513193 a composite number?
True
Is 273367201 a prime number?
False
Is 164028061 composite?
False
Is 5187089 a prime number?
True
Is 2106107 a prime number?
True
Is 504311387 a composite number?
False
Is 368969 a composite number?
True
Is 61810231 prime?
False
Is 34947637 a prime number?
False
Is 266300809 composite?
False
Is 5212869 prime?
False
Is 2779129 composite?
False
Is 1070101 a prime number?
False
Is 1883561 a prime number?
False
Is 583902487 a composite number?
True
Is 99431 composite?
False
Is 52163365 a composite number?
True
Is 881481 a composite number?
True
Is 8915069 a composite number?
False
Is 58942619 a prime number?
True
Is 15081887 prime?
False
Is 3670231 prime?
True
Is 4076857 a composite number?
False
Is 8368559 prime?
False
Is 12345929 prime?
True
Is 56279813 a prime number?
True
Is 1002564663 a prime number?
False
Is 585758869 a composite number?
False
Is 2713231 prime?
False
Is 11409157 a composite number?
True
Is 26515345 a composite number?
True
Is 11618363 prime?
True
Is 8116949 a prime number?
False
Is 49802029 a prime number?
False
Is 1765949 composite?
False
Is 1004429 a prime number?
True
Is 8633038 composite?
True
Is 14791087 a composite number?
False
Is 40900817 a composite number?
True
Is 1962199 composite?
True
Is 12805087 a prime number?
True
Is 105905413 prime?
False
Is 6517769 prime?
False
Is 3993271 a prime number?
False
Is 1243463 a composite number?
True
Is 65735305 a prime number?
False
Is 285798977 composite?
False
Is 1003840697 composite?
True
Is 329983 prime?
False
Is 107827747 a composite number?
False
Is 6674137 composite?
True
Is 400739 a composite number?
False
Is 32486087 prime?
True
Is 20141441 prime?
True
Is 366905873 composite?
False
Is 120596813 prime?
True
Is 628547 prime?
True
Is 4152919 composite?
False
Is 1494641 prime?
True
Is 3286897 composite?
True
Is 38953595 prime?
False
Is 11639389 a composite numbe